me number?
False
Is 11771 a composite number?
True
Is 24917 composite?
False
Is 12391 prime?
True
Is 64913 a prime number?
False
Is 654353 a composite number?
True
Is 47537 a composite number?
True
Is 5557 a prime number?
True
Is 8609 a prime number?
True
Is 91477 a composite number?
True
Is 616477 a composite number?
True
Is 1233655 a composite number?
True
Is 757033 a prime number?
False
Is 2129 prime?
True
Is 110119 a prime number?
True
Is 898417 composite?
True
Is 16971 composite?
True
Is 180221 a prime number?
True
Is 118127 prime?
True
Is 4873 a composite number?
True
Is 4099 prime?
True
Is 19059 a composite number?
True
Is 135043 composite?
False
Is 6065 a prime number?
False
Is 600503 composite?
True
Is 488861 prime?
True
Is 87979 composite?
True
Is 63203 a composite number?
True
Is 2749 prime?
True
Is 168383 a prime number?
False
Is 10481 composite?
True
Is 35597 prime?
True
Is 42919 a prime number?
False
Is 72763 a prime number?
True
Is 33433 a composite number?
True
Is 42043 a composite number?
False
Is 46747 a prime number?
True
Is 2647 prime?
True
Is 607349 composite?
False
Is 157 a prime number?
True
Is 711371 prime?
True
Is 646315 prime?
False
Is 787733 a prime number?
False
Is 42737 prime?
True
Is 18583 a composite number?
False
Is 32909 prime?
True
Is 16183 a prime number?
True
Is 28639 composite?
True
Is 194609 a prime number?
True
Is 68905 prime?
False
Is 29363 prime?
True
Is 20918 a prime number?
False
Is 8353 a prime number?
True
Is 5911 a prime number?
False
Is 232201 composite?
True
Is 171491 composite?
False
Is 117926 composite?
True
Is 6823 composite?
False
Is 485 a prime number?
False
Is 17519 a prime number?
True
Is 85465 a prime number?
False
Is 67007 a composite number?
True
Is 9953 composite?
True
Is 6769 composite?
True
Is 263531 composite?
True
Is 739 composite?
False
Is 25891 composite?
True
Is 394073 a composite number?
False
Is 12113 composite?
False
Is 15253 a composite number?
True
Is 5921 a composite number?
True
Is 1041893 a composite number?
False
Is 30017 composite?
True
Is 63341 a composite number?
True
Is 28709 a prime number?
False
Is 12637 composite?
False
Is 6659 a prime number?
True
Is 5351 a prime number?
True
Is 199855 composite?
True
Is 3749 a composite number?
True
Is 131891 prime?
True
Is 204962 composite?
True
Is 652493 composite?
False
Is 277777 prime?
False
Is 106879 prime?
False
Is 808679 composite?
False
Is 89171 a composite number?
True
Is 641 a composite number?
False
Is 72133 a composite number?
True
Is 121133 a composite number?
True
Is 17569 a prime number?
True
Is 763993 prime?
False
Is 15161 a prime number?
True
Is 726357 composite?
True
Is 1400995 prime?
False
Is 1481099 a prime number?
True
Is 84923 a prime number?
False
Is 291167 prime?
True
Is 10097 a composite number?
True
Is 14893 composite?
True
Is 36611 a prime number?
False
Is 276869 composite?
False
Is 37451 a prime number?
False
Is 639295 composite?
True
Is 376547 a prime number?
True
Is 1775035 a prime number?
False
Is 196093 a composite number?
True
Is 571541 composite?
False
Is 28559 a composite number?
False
Is 432518 a prime number?
False
Is 121178 a composite number?
True
Is 1031707 a prime number?
True
Is 6081 composite?
True
Is 2323 composite?
True
Is 46271 a prime number?
True
Is 601747 prime?
True
Is 266489 composite?
False
Is 651911 a composite number?
True
Is 517897 a prime number?
False
Is 7949 prime?
True
Is 11114 composite?
True
Is 165398 a composite number?
True
Is 68531 a prime number?
True
Is 73379 prime?
True
Is 174457 composite?
False
Is 624577 prime?
True
Is 144719 a prime number?
True
Is 107335 a composite number?
True
Is 1709 a composite number?
False
Is 20957 prime?
False
Is 1151 composite?
False
Is 289709 composite?
True
Is 5669 prime?
True
Is 1200401 composite?
True
Is 412099 a composite number?
False
Is 74797 prime?
True
Is 23113 a prime number?
False
Is 4583 prime?
True
Is 16979 prime?
True
Is 54217 composite?
False
Is 90227 prime?
True
Is 37717 a prime number?
True
Is 358373 a prime number?
True
Is 80389 composite?
True
Is 329 a composite number?
True
Is 23399 a prime number?
True
Is 877817 a prime number?
True
Is 223031 a composite number?
True
Is 581 prime?
False
Is 1892823 a composite number?
True
Is 34907 a prime number?
False
Is 131129 a prime number?
True
Is 29257 a composite number?
True
Is 97087 a composite number?
True
Is 53471 composite?
True
Is 106705 composite?
True
Is 667 composite?
True
Is 11147 a prime number?
False
Is 22262 prime?
False
Is 3943 a composite number?
False
Is 1223 a composite number?
False
Is 10739 a prime number?
True
Is 988759 a composite number?
False
Is 19983 a composite number?
True
Is 7981 a composite number?
True
Is 8051 a composite number?
True
Is 608947 composite?
False
Is 35023 a composite number?
False
Is 260941 a prime number?
True
Is 673 composite?
False
Is 1103 a prime number?
True
Is 815755 a composite number?
True
Is 2962 composite?
True
Is 82129 composite?
False
Is 3990901 prime?
True
Is 139787 prime?
True
Is 11901 a composite number?
True
Is 57979 composite?
True
Is 34631 prime?
True
Is 955379 a prime number?
True
Is 15613 composite?
True
Is 4358 a prime number?
False
Is 26977 prime?
False
Is 6274 composite?
True
Is 2837 prime?
True
Is 1043 composite?
True
Is 1691 a prime number?
False
Is 1669 prime?
True
Is 41935 composite?
True
Is 121843 prime?
True
Is 421493 a composite number?
False
Is 136717 prime?
False
Is 379103 composite?
False
Is 1061 composite?
False
Is 2446 a prime number?
False
Is 135227 a prime number?
False
Is 68455 prime?
False
Is 2223357 composite?
True
Is 17729 composite?
False
Is 1423 a composite number?
False
Is 24317 prime?
True
Is 884779 prime?
False
Is 2063 a composite number?
False
Is 16033 composite?
False
Is 35729 a prime number?
True
Is 90971 a composite number?
False
Is 133241 a composite number?
False
Is 1338637 composite?
False
Is 4507 composite?
False
Is 77813 prime?
True
Is 913 composite?
True
Is 5663 a prime number?
False
Is 23601 composite?
True
Is 40081 prime?
False
Is 49871 prime?
True
Is 5039 a prime number?
True
Is 285251 composite?
False
Is 65643 prime?
False
Is 20411 a composite number?
False
Is 8861 prime?
True
Is 218209 prime?
False
Is 32173 a prime number?
True
Is 2395 a composite number?
True
Is 29287 a prime number?
True
Is 13863 prime?
False
Is 7297 composite?
False
Is 629 a prime number?
False
Is 91673 prime?
True
Is 11359 a composite number?
True
Is 115459 composite?
False
Is 4861 a prime number?
True
Is 105071 a composite number?
False
Is 10729 prime?
True
Is 1871 a composite number?
False
Is 16871 a prime number?
True
Is 57881 a composite number?
False
Is 65281 composite?
True
Is 18237 a prime number?
False
Is 119147 a prime number?
False
Is 473197 prime?
True
Is 273131 prime?
True
Is 2343703 prime?
False
Is 87443 prime?
True
Is 113686 prime?
False
Is 539353 prime?
False
Is 67593 a prime number?
False
Is 1027 a prime number?
False
Is 3137 composite?
False
Is 19541 composite?
False
Is 37691 a prime number?
True
Is 6163 a prime number?
True
Is 12829 a composite number?
False
Is 33821 a prime number?
False
Is 51767 a prime number?
True
Is 779 a prime number?
False
Is 2521 a composite number?
False
Is 28697 a prime number?
True
Is 1553521 a prime number?
False
Is 524287 composite?
False
Is 600931 composite?
False
Is 254 prime?
False
Is 24082 composite?
True
Is 1247663 a prime number?
True
Is 303967 a prime number?
False
Is 180731 a prime number?
True
Is 320617 a composite number?
True
Is 451747 composite?
False
Is 28009 a composite number?
True
Is 11865649 composite?
False
Is 229979 a prime number?
True
Is 814873 prime?
True
Is 4829 a prime number?
False
Is 227221 prime?
False
Is 26327 composite?
True
Is 1111063 prime?
False
Is 74411 a composite number?
False
Is 7537 a composite number?
False
Is 30289 a prime number?
False
Is 617635 a composite number?
True
Is 130981 a prime number?
True
Is 27771 a prime number?
False
Is 432969 prime?
False
Is 24391 a prime number?
True
Is 1294835 a composite number?
True
Is 111011 a composite number?
True
Is 13681 composite?
False
Is 9733 prime?
True
Is 134449 a composite number?
True
Is 53777 a prime number?
True
Is 803755 a prime number?
False
Is 20021 prime?